{"id":116,"date":"2018-11-07T14:35:02","date_gmt":"2018-11-07T16:35:02","guid":{"rendered":"http:\/\/maximarh.com.br\/?page_id=116"},"modified":"2024-12-26T12:20:10","modified_gmt":"2024-12-26T15:20:10","slug":"vagas-abertas","status":"publish","type":"page","link":"http:\/\/maximarh.com.br\/index.php\/vagas-abertas\/","title":{"rendered":"Vagas Abertas"},"content":{"rendered":"\n<div class=\"wp-block-group\"><div class=\"wp-block-group__inner-container is-layout-flow wp-block-group-is-layout-flow\">\n<h2 class=\"wp-block-heading\">TELEVENDAS<\/h2>\n\n\n\n<p>Local de Trabalho: Colombo\/PR<\/p>\n\n\n\n<p>Experi\u00eancia com vendas para ind\u00fastrias por telefone. Atendimento \u00e0 n\u00edvel nacional. &nbsp;<\/p>\n\n\n\n<p>Hor\u00e1rio de trabalho: comercial de Segunda \u00e0 Sexta.<\/p>\n\n\n\n<p>Interessados enviar curr\u00edculo, com o nome da vaga no assunto, para: <em>recrutamento@maximarh.com.br<\/em> ou para o whats 41 3085 3681. <\/p>\n\n\n\n<h2 class=\"wp-block-heading\">GERENTE COMERCIAL<\/h2>\n\n\n\n<p>Local de Trabalho: Colombo\/PR<\/p>\n\n\n\n<p>Experi\u00eancia na lideran\u00e7a de equipe comercial em ind\u00fastria. Viv\u00eancia com CRM. &nbsp;<\/p>\n\n\n\n<p>Hor\u00e1rio de trabalho: comercial de Segunda \u00e0 Sexta.<\/p>\n\n\n\n<p>Interessados enviar curr\u00edculo, com o nome da vaga no assunto, para: <em>recrutamento@maximarh.com.br<\/em> ou para o whats 41 3085 3681. <\/p>\n\n\n\n<h2 class=\"wp-block-heading\">GERENTE GERAL<\/h2>\n\n\n\n<p>Local de Trabalho: Colombo\/PR<\/p>\n\n\n\n<p>Experi\u00eancia com comando de equipes, principalmente financeiro. &nbsp;<\/p>\n\n\n\n<p>Hor\u00e1rio de trabalho: comercial de Segunda \u00e0 Sexta.<\/p>\n\n\n\n<p>Interessados enviar curr\u00edculo, com o nome da vaga no assunto, para: <em>recrutamento@maximarh.com.br<\/em> ou para o whats 41 3085 3681. <\/p>\n\n\n\n<h2 class=\"wp-block-heading\">AUXILIAR MECANICO INDUSTRIAL<\/h2>\n\n\n\n<p>Local de Trabalho: Pinhais\/PR<\/p>\n\n\n\n<p>Experi\u00eancia com manuten\u00e7\u00f5es corretivas e preventivas em todos os equipamentos da empresa, realizar limpezas em m\u00e1quinas, realizar projetos de melhorias em equipamentos, solicitar compra de componentes de m\u00e1quinas e ferramentas, acompanhamento de manuten\u00e7\u00f5es terceirizadas,<br>realizar montagens de m\u00e1quinas, baixas em ordens de servi\u00e7o. <br>Ensino m\u00e9dio completo \/ Curso Mec\u00e2nica B\u00e1sica \/ Curso de Solda<\/p>\n\n\n\n<p>Hor\u00e1rio de trabalho: comercial de Segunda \u00e0 Sexta.<\/p>\n\n\n\n<p>Interessados enviar curr\u00edculo, com o nome da vaga no assunto, para: <em>recrutamento@maximarh.com.br<\/em> ou para o whats 41 3085 3681. <\/p>\n\n\n\n<h2 class=\"wp-block-heading\">AUXILIAR DE PRODU\u00c7\u00c3O \/ SOLDA<\/h2>\n\n\n\n<p>Local de Trabalho: Pinhais\/PR<\/p>\n\n\n\n<p>Curso de solda TIG\/MIG\/MAG\/ e\/ou mec\u00e2nica b\u00e1sica<br>Desej\u00e1vel conhecimento com medidas e soldas. Realizar\u00e1 corte, manuseio de telas met\u00e1licas, assim como reparos e confec\u00e7\u00e3o de quadros met\u00e1licos\/peneiras, embalagens, resinas, solda ponto, soldas de componentes met\u00e1licos, auxiliar opera\u00e7\u00e3o de m\u00e1quina dobradeira\/corte disco e lazer. Ensino m\u00e9dio completo. <\/p>\n\n\n\n<p>Hor\u00e1rio de trabalho: comercial de Segunda \u00e0 Sexta.<\/p>\n\n\n\n<p>Interessados enviar curr\u00edculo, com o nome da vaga no assunto, para: <em>recrutamento@maximarh.com.br<\/em> ou para o whats 41 3085 3681. <\/p>\n\n\n\n<h2 class=\"wp-block-heading\">COSTUREIRA<\/h2>\n\n\n\n<p>Local de Trabalho: Pinhais\/PR<\/p>\n\n\n\n<p>Experi\u00eancia em m\u00e1quina de costura industrial reta e overlock. Realizar o processo de costura em m\u00e1quina reta, overlock, fechadeira e zig\/zag no processo de montagem.<\/p>\n\n\n\n<p>Hor\u00e1rio de trabalho: comercial de Segunda \u00e0 Sexta.<\/p>\n\n\n\n<p>Interessados enviar curr\u00edculo, com o nome da vaga no assunto, para: <em>recrutamento@maximarh.com.br<\/em> ou para o whats 41 3085 3681. <\/p>\n\n\n\n<h2 class=\"wp-block-heading\">AUXILIAR DE PRODU\u00c7\u00c3O <\/h2>\n\n\n\n<p>Local de Trabalho: Pinhais\/PR<\/p>\n\n\n\n<p>Conhecimento em equipamentos para medi\u00e7\u00e3o, corte, resinagem, embalagem e acabamentos<br>dos produtos. Organiza\u00e7\u00e3o do setor e movimenta\u00e7\u00e3o de materiais pesados. Ensino m\u00e9dio completo. <\/p>\n\n\n\n<p>Hor\u00e1rio de trabalho: comercial de Segunda \u00e0 Sexta.<\/p>\n\n\n\n<p>Interessados enviar curr\u00edculo, com o nome da vaga no assunto, para: <em>recrutamento@maximarh.com.br<\/em> ou para o whats 41 3085 3681. <\/p>\n\n\n\n<h2 class=\"wp-block-heading\">AUXILIAR DE EXPEDI\u00c7\u00c3O <\/h2>\n\n\n\n<p>Local de Trabalho: Curitiba\/PR<\/p>\n\n\n\n<p>Oportunidade para primeiro emprego. Ensino m\u00e9dio completo. Reservista. <\/p>\n\n\n\n<p>Hor\u00e1rio de trabalho: comercial de Segunda \u00e0 Sexta.<\/p>\n\n\n\n<p>Interessados enviar curr\u00edculo, com o nome da vaga no assunto, para: <em>recrutamento@maximarh.com.br<\/em> ou para o whats 41 3085 3681. <\/p>\n\n\n\n<h2 class=\"wp-block-heading\">AUXILIAR COMERCIAL<\/h2>\n\n\n\n<p>Local de Trabalho: Curitiba\/PR<\/p>\n\n\n\n<p>Experi\u00eancia com vendas de produtos, presencial ou por telefone. Ensino m\u00e9dio completo.<\/p>\n\n\n\n<p>Hor\u00e1rio de trabalho: comercial de Segunda \u00e0 Sexta.<\/p>\n\n\n\n<p>Interessados enviar curr\u00edculo, com o nome da vaga no assunto, para: <em>recrutamento@maximarh.com.br<\/em> ou para o whats 41 3085 3681. <\/p>\n\n\n\n<h2 class=\"wp-block-heading\">AUXILIAR DE SERVI\u00c7OS GERAIS<\/h2>\n\n\n\n<p>Local de Trabalho: Curitiba\/PR<\/p>\n\n\n\n<p>Experi\u00eancia com limpeza pesada. Desej\u00e1vel viv\u00eancia em ind\u00fastria. <\/p>\n\n\n\n<p>Hor\u00e1rio de trabalho: comercial de Segunda \u00e0 Sexta.<\/p>\n\n\n\n<p>Interessados enviar curr\u00edculo, com o nome da vaga no assunto, para: <em>recrutamento@maximarh.com.br<\/em> ou para o whats 41 3085 3681. <\/p>\n\n\n\n<h2 class=\"wp-block-heading\">ANALISTA COMERCIAL<\/h2>\n\n\n\n<p>Local de Trabalho: Curitiba\/PR<\/p>\n\n\n\n<p>Experi\u00eancia em empresas do segmento de finan\u00e7as, banc\u00e1rias, cr\u00e9dito e\/ou que realizem negocia\u00e7\u00e3o com financeiro de outras empresas. Superior cursando ou completo.<\/p>\n\n\n\n<p>Hor\u00e1rio de trabalho: comercial de Segunda \u00e0 Sexta.<\/p>\n\n\n\n<p>Interessados enviar curr\u00edculo, com o nome da vaga no assunto, para: <em>recrutamento@maximarh.com.br<\/em> ou para o whats 41 3085 3681. <\/p>\n\n\n\n<h2 class=\"wp-block-heading\">AUXILIAR DE PRODU\u00c7\u00c3O<\/h2>\n\n\n\n<p>Local de Trabalho: Colombo\/PR<\/p>\n\n\n\n<p>Experi\u00eancia na produ\u00e7\u00e3o. Ensino m\u00e9dio completo. Disponibilidade de hor\u00e1rios. <\/p>\n\n\n\n<p>Hor\u00e1rio de trabalho: Escala 12 x 36hs das 8 \u00e0s 20hs ou das 20hs \u00e0s 8hs. <\/p>\n\n\n\n<p>Interessados enviar curr\u00edculo, com o nome da vaga no assunto, para: <em>recrutamento@maximarh.com.br<\/em> ou para o whats 41 3085 3681. <\/p>\n\n\n\n<h2 class=\"wp-block-heading\">ANALISTA DE LABORAT\u00d3RIO<\/h2>\n\n\n\n<p>Local de Trabalho: Colombo\/PR<\/p>\n\n\n\n<p>Experi\u00eancia em laborat\u00f3rio industrial. Curso T\u00e9cnico em Qu\u00edmica ou Superior em qu\u00edmica.<\/p>\n\n\n\n<p>Hor\u00e1rio de trabalho: 7 \u00e0s 17hs de Segunda \u00e0 Sexta.<\/p>\n\n\n\n<p>Interessados enviar curr\u00edculo, com o nome da vaga no assunto, para: <em>recrutamento@maximarh.com.br<\/em> ou para o whats 41 3085 3681. <\/p>\n\n\n\n<h2 class=\"wp-block-heading\">AUXILIAR DE PRODU\u00c7\u00c3O<\/h2>\n\n\n\n<p>Local de Trabalho: Colombo\/PR<\/p>\n\n\n\n<p>Experi\u00eancia e estabilidade na \u00e1rea de produ\u00e7\u00e3o. <\/p>\n\n\n\n<p>Hor\u00e1rio de trabalho: 13hs \u00e0s 22hs de Segunda \u00e0 Sexta.<\/p>\n\n\n\n<p>Interessados enviar curr\u00edculo, com o nome da vaga no assunto, para: <em>recrutamento@maximarh.com.br<\/em> ou para o whats 41 3085 3681. <\/p>\n\n\n\n<h2 class=\"wp-block-heading\">AUXILIAR DE PRODU\u00c7\u00c3O<\/h2>\n\n\n\n<p>Local de Trabalho: Colombo\/PR<\/p>\n\n\n\n<p>Experi\u00eancia e estabilidade na \u00e1rea de produ\u00e7\u00e3o.<\/p>\n\n\n\n<p>Hor\u00e1rio de trabalho: 6 \u00e0s 15hs de Segunda \u00e0 Sexta.<\/p>\n\n\n\n<p>Interessados enviar curr\u00edculo, com o nome da vaga no assunto, para: <em>recrutamento@maximarh.com.br<\/em> ou para o whats 41 3085 3681. <\/p>\n\n\n\n<h2 class=\"wp-block-heading\">L\u00cdDER DE PRODU\u00c7\u00c3O \/ 3\u00ba TURNO<\/h2>\n\n\n\n<p>Local de Trabalho: Colombo\/PR<\/p>\n\n\n\n<p>Experi\u00eancia com gest\u00e3o de equipes, metas, trabalhar sob press\u00e3o.<\/p>\n\n\n\n<p>Hor\u00e1rio de trabalho: 22 \u00e0s 06hs de Segunda \u00e0 Sexta.<\/p>\n\n\n\n<p>Interessados enviar curr\u00edculo, com o nome da vaga no assunto, para: <em>recrutamento@maximarh.com.br<\/em> ou para o whats 41 3085 3681. <\/p>\n\n\n\n<h2 class=\"wp-block-heading\">ASSISTENTE ADMINISTRATIVO LOG\u00cdSTICO<\/h2>\n\n\n\n<p>Local de Trabalho: Colombo\/PR<\/p>\n\n\n\n<p>Experi\u00eancia com emiss\u00e3o de notas fiscais e rotinas de expedi\u00e7\u00e3o \/ estoque. Ensino m\u00e9dio completo. <\/p>\n\n\n\n<p>Hor\u00e1rio de trabalho: 8 \u00e0s 17hs de Segunda \u00e0 Sexta.<\/p>\n\n\n\n<p>Interessados enviar curr\u00edculo, com o nome da vaga no assunto, para: <em>recrutamento@maximarh.com.br<\/em> ou para o whats 41 3085 3681. <\/p>\n\n\n\n<h2 class=\"wp-block-heading\">AUXILIAR DE PRODU\u00c7\u00c3O PCD<\/h2>\n\n\n\n<p>Local de Trabalho: Colombo\/PR<\/p>\n\n\n\n<p>Experi\u00eancia na \u00e1rea de produ\u00e7\u00e3o. Ensino m\u00e9dio completo. <\/p>\n\n\n\n<p>Hor\u00e1rio de trabalho: 8 \u00e0s 17hs de Segunda \u00e0 Sexta.<\/p>\n\n\n\n<p>Interessados enviar curr\u00edculo, com o nome da vaga no assunto, para: <em>recrutamento@maximarh.com.br<\/em> ou para o whats 41 3085 3681. <\/p>\n\n\n\n<p><\/p>\n\n\n\n<h2 class=\"wp-block-heading\">AUXILIAR DE ESTOQUE<\/h2>\n\n\n\n<p>Local de Trabalho: Pinhais\/PR<\/p>\n\n\n\n<p>Experi\u00eancia com recebimento de mercadorias, movimenta\u00e7\u00e3o, alimenta\u00e7\u00e3o da linha de produ\u00e7\u00e3o. Ensino m\u00e9dio completo. <\/p>\n\n\n\n<p>Hor\u00e1rio de trabalho: 8 \u00e0s 17hs de Segunda \u00e0 Sexta.<\/p>\n\n\n\n<p>Interessados enviar curr\u00edculo, com o nome da vaga no assunto, para: <em>recrutamento@maximarh.com.br<\/em> ou para o whats 41 3085 3681. <\/p>\n\n\n\n<p><\/p>\n\n\n\n<h2 class=\"wp-block-heading\">FRESADOR CONVENCIONAL<\/h2>\n\n\n\n<p>Local de Trabalho: Colombo\/PR<\/p>\n\n\n\n<p>Experi\u00eancia comprovada na \u00e1rea e leitura e interpreta\u00e7\u00e3o de desenhos mec\u00e2nicos.<\/p>\n\n\n\n<p>Hor\u00e1rio de trabalho: 7 \u00e0s 17hs de Segunda \u00e0 Sexta.<\/p>\n\n\n\n<p>Interessados enviar curr\u00edculo, com o nome da vaga no assunto, para: <em>recrutamento@maximarh.com.br<\/em> ou para o whats 41 3085 3681. <\/p>\n\n\n\n<p><\/p>\n\n\n\n<h2 class=\"wp-block-heading\">MECANICO MONTADOR <\/h2>\n\n\n\n<p>Local de Trabalho: Colombo\/PR<\/p>\n\n\n\n<p>Experi\u00eancia com montagem de m\u00e1quinas e equipamentos. Realizar servi\u00e7os de mec\u00e2nica e manuten\u00e7\u00e3o. <\/p>\n\n\n\n<p>Hor\u00e1rio de trabalho: 7 \u00e0s 17hs de Segunda \u00e0 Sexta.<\/p>\n\n\n\n<p>Interessados enviar curr\u00edculo, com o nome da vaga no assunto, para: <em>recrutamento@maximarh.com.br<\/em> ou para o whats 41 3085 3681. <\/p>\n\n\n\n<h2 class=\"wp-block-heading\">SOLDADOR TIG<\/h2>\n\n\n\n<p>Local de Trabalho: Colombo\/PR<\/p>\n\n\n\n<p>Realizar uni\u00e3o e corte de pe\u00e7as de ligas met\u00e1licas usando processos de soldagem e corte. Imprescind\u00edvel experi\u00eancia com solda TIG.  <\/p>\n\n\n\n<p>Hor\u00e1rio de trabalho: 7 \u00e0s 17hs de Segunda \u00e0 Sexta.<\/p>\n\n\n\n<p>Interessados enviar curr\u00edculo, com o nome da vaga no assunto, para: <em>recrutamento@maximarh.com.br<\/em> ou para o whats 41 3085 3681. <\/p>\n\n\n\n<h2 class=\"wp-block-heading\">AJUDANTE GERAL<\/h2>\n\n\n\n<p>Local de Trabalho: Colombo\/PR<\/p>\n\n\n\n<p>Realizar carga e descarga de mercadorias, servi\u00e7os de manuten\u00e7\u00e3o e limpeza, monitorar estoque de materiais e acompanhar ordens de fabrica\u00e7\u00e3o. Necess\u00e1rio possuir CNH B. <\/p>\n\n\n\n<p>Hor\u00e1rio de trabalho: 7 \u00e0s 17hs de Segunda \u00e0 Sexta.<\/p>\n\n\n\n<p>Interessados enviar curr\u00edculo, com o nome da vaga no assunto, para: <em>recrutamento@maximarh.com.br<\/em> ou para o whats 41 3085 3681. <\/p>\n\n\n\n<p><\/p>\n\n\n\n<h2 class=\"wp-block-heading\">OPERADOR DE SOPRADORA PET<\/h2>\n\n\n\n<p>Local de Trabalho: Colombo\/PR<\/p>\n\n\n\n<p>Realizar a opera\u00e7\u00e3o de m\u00e1quina sopradora, manuten\u00e7\u00f5es b\u00e1sicas, setup. Experi\u00eancia comprovada na \u00e1rea. <\/p>\n\n\n\n<p>Hor\u00e1rio de trabalho: 7 \u00e0s 17hs de Segunda \u00e0 Sexta.<\/p>\n\n\n\n<p>Interessados enviar curr\u00edculo, com o nome da vaga no assunto, para: <em>recrutamento@maximarh.com.br<\/em> ou para o whats 41 3085 3681. <\/p>\n\n\n\n<p><\/p>\n<\/div><\/div>\n","protected":false},"excerpt":{"rendered":"<p>TELEVENDAS Local de Trabalho: Colombo\/PR Experi\u00eancia com vendas para ind\u00fastrias por telefone. Atendimento \u00e0 n\u00edvel nacional. &nbsp; Hor\u00e1rio de trabalho: comercial de Segunda \u00e0 Sexta. Interessados enviar curr\u00edculo, com o nome da vaga no assunto, para: recrutamento@maximarh.com.br ou para o whats 41 3085 3681. GERENTE COMERCIAL Local de Trabalho: Colombo\/PR Experi\u00eancia na lideran\u00e7a de equipe [&hellip;]<\/p>\n","protected":false},"author":1,"featured_media":0,"parent":0,"menu_order":0,"comment_status":"closed","ping_status":"closed","template":"","meta":{"footnotes":""},"_links":{"self":[{"href":"http:\/\/maximarh.com.br\/index.php\/wp-json\/wp\/v2\/pages\/116"}],"collection":[{"href":"http:\/\/maximarh.com.br\/index.php\/wp-json\/wp\/v2\/pages"}],"about":[{"href":"http:\/\/maximarh.com.br\/index.php\/wp-json\/wp\/v2\/types\/page"}],"author":[{"embeddable":true,"href":"http:\/\/maximarh.com.br\/index.php\/wp-json\/wp\/v2\/users\/1"}],"replies":[{"embeddable":true,"href":"http:\/\/maximarh.com.br\/index.php\/wp-json\/wp\/v2\/comments?post=116"}],"version-history":[{"count":96,"href":"http:\/\/maximarh.com.br\/index.php\/wp-json\/wp\/v2\/pages\/116\/revisions"}],"predecessor-version":[{"id":449,"href":"http:\/\/maximarh.com.br\/index.php\/wp-json\/wp\/v2\/pages\/116\/revisions\/449"}],"wp:attachment":[{"href":"http:\/\/maximarh.com.br\/index.php\/wp-json\/wp\/v2\/media?parent=116"}],"curies":[{"name":"wp","href":"https:\/\/api.w.org\/{rel}","templated":true}]}}